{"id":2001,"date":"2020-03-14T20:40:25","date_gmt":"2020-03-14T18:40:25","guid":{"rendered":"http:\/\/www.kukakuunteleekoyhaa.fi\/wordpress\/?page_id=2001"},"modified":"2021-04-29T13:41:44","modified_gmt":"2021-04-29T10:41:44","slug":"paijat-hame","status":"publish","type":"page","link":"https:\/\/www.kukakuunteleekoyhaa.fi\/wordpress\/aluetoiminta\/paijat-hame\/","title":{"rendered":"P\u00e4ij\u00e4t-H\u00e4me"},"content":{"rendered":"\n<h2>Kuunteleeko kuntap\u00e4\u00e4tt\u00e4j\u00e4 k\u00f6yh\u00e4\u00e4? -teemaviikon JATKOT Lahdessa<\/h2>\n\n\n\n<h4> Tiistaina 11.5.2021 kello 11-15 <\/h4>\n\n\n\n<h4>Keskiviikkona 12.5.2021  kello 13-15<\/h4>\n\n\n\n<p>Jatketaan kiinnostavilla aiheilla ty\u00f6llisyys, ty\u00f6tt\u00f6myys, terveydenhuolto, p\u00e4ihde- ja peliriippuvuus, yksin\u00e4isyys ja n\u00e4iden kokonaisvaikutukset. Tilaisuuksien p\u00e4\u00e4henkil\u00f6it\u00e4 ovat k\u00f6yhyytt\u00e4 kokeneet erikoisasiantuntijat, jotka kertovat tarinansa ja  Lahden kuntap\u00e4\u00e4tt\u00e4jiksi pyrkiv\u00e4t pohtivat yhdess\u00e4 miten asioita voisi korjata. Tilaisuudet j\u00e4rjestet\u00e4\u00e4n et\u00e4n\u00e4. Molemmat tilaisuudet ovat erillisi\u00e4.<\/p>\n\n\n\n<p>Keskustelutilaisuuksiin p\u00e4\u00e4set mukaan linkist\u00e4: <a href=\"https:\/\/teams.microsoft.com\/l\/meetup-join\/19%3ameeting_MzkzMzEwZjktOTJiYy00YmU5LWEwZGItYThmZDcwZDAzMDU3%40thread.v2\/0?context=%7b%22Tid%22%3a%2248273735-272c-4301-9fae-2296fa32d8f2%22%2c%22Oid%22%3a%22969445dd-8d3a-450e-bbdc-96ea4de515cb%22%7d\"><a rel=\"noreferrer noopener\" href=\"https:\/\/teams.microsoft.com\/l\/meetup-join\/19%3ameeting_MzkzMzEwZjktOTJiYy00YmU5LWEwZGItYThmZDcwZDAzMDU3%40thread.v2\/0?context=%7b%22Tid%22%3a%2248273735-272c-4301-9fae-2296fa32d8f2%22%2c%22Oid%22%3a%22969445dd-8d3a-450e-bbdc-96ea4de515cb%22%7d\" target=\"_blank\">Liity kokoukseen napsauttamalla t\u00e4t\u00e4<\/a><\/a><\/p>\n\n\n\n<p><strong>Vet\u00e4j\u00e4:<\/strong><\/p>\n\n\n\n<p>3K-verkoston P\u00e4ij\u00e4t-H\u00e4meen aluekoordinaattori Virpi Hyttinen<\/p>\n\n\n\n<p>Osallistua voi monella tavalla.<\/p>\n\n\n\n<p><strong>Valmisteleva kokoontuminen<\/strong> <strong>Elokololla 3.5.2021 klo 13\u201315<\/strong>. Luottamuksellisessa pienryhm\u00e4ss\u00e4<\/p>\n\n\n\n<p>TULE KERTOMAAN OMA kokemuksesi. Jos puhuminen tilaisuudessa j\u00e4nnitt\u00e4\u00e4, voit osallistua kirjoittamalla ajatuksia ja kysymyksi\u00e4 chattiin. Voit my\u00f6s l\u00e4hett\u00e4\u00e4 etuk\u00e4teen kysymyksi\u00e4 ja ajatuksia s\u00e4hk\u00f6postilla. Kaikille l\u00f6ytyy rooli. Rohkeasti mukaan!<\/p>\n\n\n\n<p><strong>J\u00e4rjest\u00e4j\u00e4t:<\/strong><\/p>\n\n\n\n<p>3K P\u00e4ij\u00e4t-H\u00e4meen aluekoordinaattori <a href=\"mailto:virpi.hyttinen@3kverkosto.fi\">virpi.hyttinen@3kverkosto.fi<\/a> puh.044 577 8797<\/p>\n\n\n\n<p>Kuka Kuuntelee K\u00f6yh\u00e4\u00e4? &#8211; verkosto, EHYT RY, Lahden Elokolo, Lahden Sininauha Ry<\/p>\n\n\n\n<h2>Kuunteleeko kuntap\u00e4\u00e4tt\u00e4j\u00e4 k\u00f6yh\u00e4\u00e4 lapsiperhett\u00e4 ?<\/h2>\n\n\n\n<h2>Tiistaina 27.4.2021 klo 13.00\u201315.00<\/h2>\n\n\n\n<h5>Keskustelutilaisuus, jonka tarkoituksena on saada tulevat<br>kuntap\u00e4\u00e4tt\u00e4j\u00e4t ymm\u00e4rt\u00e4m\u00e4\u00e4n mit\u00e4 on lapsiperhek\u00f6yhyys.<br><br>Keskustelutilaisuuksiin p\u00e4\u00e4set t\u00e4st\u00e4 linkist\u00e4:<\/h5>\n\n\n\n<h3><a href=\"https:\/\/us02web.zoom.us\/j\/6263668929\">https:\/\/us02web.zoom.us\/j\/6263668929<\/a><br><br>Osallistua voi monella tavalla. Jos puhuminen tilaisuudessa j\u00e4nnitt\u00e4\u00e4, voit osallistua kirjoittamalla ajatuksia ja kysymyksi\u00e4 chattiin. Voit my\u00f6s l\u00e4hett\u00e4\u00e4 etuk\u00e4teen kysymyksi\u00e4 ja ajatuksia s\u00e4hk\u00f6postilla. Keskustelijoina Lahden seudun kuntap\u00e4\u00e4tt\u00e4ji\u00e4 ja kuntap\u00e4\u00e4tt\u00e4jiksi pyrkivi\u00e4.<\/h3>\n\n\n\n<h5><br>Vet\u00e4j\u00e4:<br>3K-verkoston P\u00e4ij\u00e4t-H\u00e4meen aluekoordinaattori Virpi Hyttinen<\/h5>\n\n\n\n<h5> J\u00e4rjest\u00e4j\u00e4t:<br>3K P\u00e4ij\u00e4t-H\u00e4meen aluekoordinaattori virpi.hyttinen@3kverkosto.fi puh.044 577 8797<br>Kuka Kuuntelee K\u00f6yh\u00e4\u00e4? &#8211; verkosto, Mukkulan Toimintakeskuksen kannatusyhdistys ry<br>TERVETULOA!<\/h5>\n\n\n\n<div class=\"wp-block-file\"><a href=\"https:\/\/www.kukakuunteleekoyhaa.fi\/wordpress\/wp-content\/uploads\/2021\/04\/KUUNTELEEKO-KUNTAPAATTAJA-KOYHAA-lapsiperhekoyhyys.-Zoom-Toimarilla-27.4-002.pdf\">KUTSU KUUNTELEEKO KUNTAP\u00c4\u00c4TT\u00c4J\u00c4 K\u00d6YH\u00c4\u00c4 lapsiperhek\u00f6yhyys.<\/a><a href=\"https:\/\/www.kukakuunteleekoyhaa.fi\/wordpress\/wp-content\/uploads\/2021\/04\/KUUNTELEEKO-KUNTAPAATTAJA-KOYHAA-lapsiperhekoyhyys.-Zoom-Toimarilla-27.4-002.pdf\" class=\"wp-block-file__button\" download>Download<\/a><\/div>\n\n\n\n<h2>Kuunteleeko kuntap\u00e4\u00e4tt\u00e4j\u00e4 k\u00f6yh\u00e4\u00e4 Lahdessa?<\/h2>\n\n\n\n<h4>Kuunteleeko kuntap\u00e4\u00e4tt\u00e4j\u00e4 k\u00f6yh\u00e4\u00e4? -teemaviikolla kysyt\u00e4\u00e4n Kuunteleeko kuntap\u00e4\u00e4tt\u00e4j\u00e4 k\u00f6yh\u00e4\u00e4 Lahdessa? maanantaina 15.3.2021 ja tiistaina 16.3.2021 <\/h4>\n\n\n\n<h4>Vuoropuhelua k\u00e4yd\u00e4\u00e4n k\u00f6yhyytt\u00e4 kokeneiden ja p\u00e4\u00e4tt\u00e4j\u00e4ksi haluavien v\u00e4lill\u00e4 Teams linkill\u00e4.<\/h4>\n\n\n\n<h4>Kuntavaaleja siirret\u00e4\u00e4n, mutta siit\u00e4kin huolimatta jokaisella voi olla jotain sanottavaa k\u00f6yhyyden ja huono-osaisuuden v\u00e4hent\u00e4miseksi. Teemaviikolla Kuka kuuntelee k\u00f6yh\u00e4\u00e4? -verkoston erikoisasiantuntija sek\u00e4 kuntap\u00e4\u00e4tt\u00e4j\u00e4t ja\/ p\u00e4\u00e4tt\u00e4j\u00e4ksi haluavat osallistuvat yhteiskunnalliseen keskusteluun. Keskustelutilaisuuden tarkoituksena on saada tulevat kuntap\u00e4\u00e4tt\u00e4j\u00e4t ymm\u00e4rt\u00e4m\u00e4\u00e4n, miten laaja kokonaisuus k\u00f6yhyys, syrj\u00e4ytyminen ja p\u00e4ihdeongelmat ovat. Tilaisuudessa k\u00f6yhyytt\u00e4 kokeneet ja p\u00e4\u00e4tt\u00e4j\u00e4t etsiv\u00e4t ratkaisuja yhteisiin kysymyksiin.<\/h4>\n\n\n\n<h4>Mukana keskustelussa k\u00f6yhyytt\u00e4 kokeneita ja eri puolueiden edustajia.<\/h4>\n\n\n\n<h3>Maanantaina15.3.2021 klo 14-16 mukaan ovat ilmoittautuneet:<\/h3>\n\n\n\n<h5>Jouni Korpela (erikoisasiantuntija),Tiina Jokinen (Vihr), Elisa Lientola (Vas), Pasi Tuomaila (Pro-Lahti) ja Jari Rissanen (Kes).<\/h5>\n\n\n\n<h3>Tiistaina 16.3.2021 klo 14-16 mukaan ovat ilmoittautuneet:<\/h3>\n\n\n\n<h5>Jouni Korpela (erikoisasiantuntija),  Juho Seilola (Vihr), Toni Putula (Kok), Tarja Kirvesmies (Sdp) Sirkku Hilden (Sdp) ja Saara Laatta (Kok).<\/h5>\n\n\n\n<h5>Muistiona tilaisuudesta kuntap\u00e4\u00e4tt\u00e4j\u00e4n muistilista osattomuudesta. Sanat on poimittu paneelin eri vaiheista. Millaisia ajatuksia muistilista her\u00e4tt\u00e4\u00e4? Mit\u00e4 puuttuu, mit\u00e4 voisi korvata? Vaikka paneelin kuntap\u00e4\u00e4tt\u00e4j\u00e4 ehdokkaat tuntuivat ymm\u00e4rt\u00e4v\u00e4n paneelin aiheista, kaikki heid\u00e4n kollegansa eiv\u00e4t ehk\u00e4 ymm\u00e4rr\u00e4. Rohkaisemme jakamaan t\u00e4t\u00e4 listaa muillekin ehdokkaille\/p\u00e4\u00e4tt\u00e4jille. Listan laati yhteenvetona tilaisuudesta Marianna Kavasto Lahden Sininauha ry:st\u00e4.<\/h5>\n\n\n\n<div class=\"wp-block-file\"><a href=\"https:\/\/www.kukakuunteleekoyhaa.fi\/wordpress\/wp-content\/uploads\/2021\/03\/KUNTAPAATTAJAN-MUISTILISTA-OSATTOMUUDESTA-sanabingo.pdf\">KUNTAP\u00c4\u00c4TT\u00c4J\u00c4N MUISTILISTA OSATTOMUUDESTA -sanabingo<\/a><a href=\"https:\/\/www.kukakuunteleekoyhaa.fi\/wordpress\/wp-content\/uploads\/2021\/03\/KUNTAPAATTAJAN-MUISTILISTA-OSATTOMUUDESTA-sanabingo.pdf\" class=\"wp-block-file__button\" download>Download<\/a><\/div>\n\n\n\n<h3>Seuraavat keskustelutilaisuudet j\u00e4rjestet\u00e4\u00e4n  toukokuussa 2021. <\/h3>\n\n\n\n<h5>3K Talk -tapahtuman j\u00e4rjest\u00e4v\u00e4t: Kuka Kuuntelee K\u00f6yh\u00e4\u00e4? -verkosto, Lahden Elokolon Yst\u00e4v\u00e4t ry, ja Lahden Sininauha ry.<\/h5>\n\n\n\n<h5>Lis\u00e4tietoja:<\/h5>\n\n\n\n<h5>Ehk\u00e4isev\u00e4 p\u00e4ihdety\u00f6 Ehyt ry, <a href=\"mailto:jukka.suomilammi@ehyt.fi\">jukka.suomilammi@ehyt.fi<\/a> puh. 040&nbsp;025 2511,<\/h5>\n\n\n\n<h5>3K P\u00e4ij\u00e4t-H\u00e4meen aluekoordinaattori <a href=\"mailto:virpi.hyttinen@3kverkosto.fi\">virpi.hyttinen@3kverkosto.fi<\/a> puh.044 577 87 97<\/h5>\n\n\n\n<p><\/p>\n\n\n\n<p><\/p>\n\n\n\n<p><\/p>\n\n\n\n<h2>Kuka kuuntelee k\u00f6yh\u00e4\u00e4? -verkosto esitt\u00e4ytyy lauantaina 17.10.2020 klo 12-14 Elokolo, Vuorikatu 14, Lahti. <\/h2>\n\n\n\n<h3>Kuka kuuntelee k\u00f6yh\u00e4\u00e4? -verkoston P\u00e4ij\u00e4t-H\u00e4meen aluekoordinaattori Virpi Hyttinen kertoo verkoston toiminnasta ja k\u00f6yhyydest\u00e4 HopeaTV:n haastattelussa Lahdessa 10.11.2020. Virpin haastattelu alkaa kohdasta 18:18Lahdessa<\/h3>\n\n\n\n<h3><a href=\"https:\/\/www.youtube.com\/watch?v=cQy3wysUMgQ&amp;t=1107s\">https:\/\/www.youtube.com\/watch?v=cQy3wysUMgQ&amp;t=1107s<\/a> <\/h3>\n\n\n\n<p>Tiedustelut: aluekoordinaattori Virpi Hyttinen: virpi.hyttinen.vh@gmail.com<\/p>\n\n\n\n<h3>Kuka kuuntelee k\u00f6yh\u00e4\u00e4? -verkosto esitt\u00e4ytyy Lahdessa.<\/h3>\n\n\n\n<h4>pe 13.3.2020kello 12.30-14.00<\/h4>\n\n\n\n<h4>Palvelutori, Aalto kokoontumistila, Kauppakeskus Trion 2. kerros. Vesku-aukio, Aleksanterinkatu 18, 15140&nbsp; Lahti<\/h4>\n\n\n\n<h4>Tule edist\u00e4m\u00e4\u00e4n yhteiskunnallista osallisuutta, vaikuttamaan sosiaaliturvan kokonaisuudistukseen ja v\u00e4hent\u00e4m\u00e4\u00e4n k\u00f6yhyytt\u00e4. Asiantuntijana&nbsp; k\u00f6yhyystutkija Jouko Karjalainen.&nbsp;<\/h4>\n\n\n\n<div class=\"wp-block-file\"><a href=\"https:\/\/www.kukakuunteleekoyhaa.fi\/wordpress\/wp-content\/uploads\/2020\/04\/UL-25.3.2020-KUKA-KUUNTELEE-K\u00d6YH\u00c4\u00c4-2-0025447.png\">Lue haastattelu UUSI LAHTI -lehdess\u00e4 25.3.2020&nbsp; &nbsp; &nbsp; &nbsp; &nbsp; &nbsp; &nbsp; &nbsp; &nbsp; &nbsp;<\/a><a href=\"https:\/\/www.kukakuunteleekoyhaa.fi\/wordpress\/wp-content\/uploads\/2020\/04\/UL-25.3.2020-KUKA-KUUNTELEE-K\u00d6YH\u00c4\u00c4-2-0025447.png\" class=\"wp-block-file__button\" download>Download<\/a><\/div>\n\n\n\n<div class=\"wp-block-file\"><a href=\"https:\/\/www.kukakuunteleekoyhaa.fi\/wordpress\/wp-content\/uploads\/2020\/03\/Lahdessa-viritell\u00e4\u00e4n-keskustelua-k\u00f6yhien-ja-p\u00e4\u00e4tt\u00e4jien-kesken.pdf\">Lue haastattelu P\u00c4IJ\u00c4T-H\u00c4ME -lehdess\u00e4 14.3.2020<br>Lahdessa viritell\u00e4\u00e4n keskustelua k\u00f6yhien ja p\u00e4\u00e4tt\u00e4jien kesken<\/a><a href=\"https:\/\/www.kukakuunteleekoyhaa.fi\/wordpress\/wp-content\/uploads\/2020\/03\/Lahdessa-viritell\u00e4\u00e4n-keskustelua-k\u00f6yhien-ja-p\u00e4\u00e4tt\u00e4jien-kesken.pdf\" class=\"wp-block-file__button\" download>Download<\/a><\/div>\n\n\n\n<figure class=\"wp-block-image is-resized\"><img data-attachment-id=\"3223\" data-permalink=\"https:\/\/www.kukakuunteleekoyhaa.fi\/wordpress\/snowfall-201496_640\/\" data-orig-file=\"https:\/\/www.kukakuunteleekoyhaa.fi\/wordpress\/wp-content\/uploads\/2020\/02\/snowfall-201496_640.jpg\" data-orig-size=\"640,399\" data-comments-opened=\"0\" data-image-meta=\"{&quot;aperture&quot;:&quot;0&quot;,&quot;credit&quot;:&quot;&quot;,&quot;camera&quot;:&quot;&quot;,&quot;caption&quot;:&quot;&quot;,&quot;created_timestamp&quot;:&quot;0&quot;,&quot;copyright&quot;:&quot;&quot;,&quot;focal_length&quot;:&quot;0&quot;,&quot;iso&quot;:&quot;0&quot;,&quot;shutter_speed&quot;:&quot;0&quot;,&quot;title&quot;:&quot;&quot;,&quot;orientation&quot;:&quot;0&quot;}\" data-image-title=\"snowfall-201496_640\" data-image-description=\"&lt;p&gt;Kuka kuuntelee k\u00f6yh\u00e4\u00e4? lumipyry aurinkoisessa s\u00e4\u00e4ss\u00e4&lt;\/p&gt;\n\" data-image-caption=\"&lt;p&gt;Kuka kuuntelee k\u00f6yh\u00e4\u00e4? lumipyry aurinkoisessa s\u00e4\u00e4ss\u00e4&lt;\/p&gt;\n\" data-medium-file=\"https:\/\/www.kukakuunteleekoyhaa.fi\/wordpress\/wp-content\/uploads\/2020\/02\/snowfall-201496_640-300x187.jpg\" data-large-file=\"https:\/\/www.kukakuunteleekoyhaa.fi\/wordpress\/wp-content\/uploads\/2020\/02\/snowfall-201496_640.jpg\" loading=\"lazy\" src=\"https:\/\/www.kukakuunteleekoyhaa.fi\/wordpress\/wp-content\/uploads\/2020\/02\/snowfall-201496_640.jpg\" alt=\"Kuka kuuntelee k\u00f6yh\u00e4\u00e4? lumipyry aurinkoisessa s\u00e4\u00e4ss\u00e4\" class=\"wp-image-3223\" width=\"428\" height=\"266\" srcset=\"https:\/\/www.kukakuunteleekoyhaa.fi\/wordpress\/wp-content\/uploads\/2020\/02\/snowfall-201496_640.jpg 640w, https:\/\/www.kukakuunteleekoyhaa.fi\/wordpress\/wp-content\/uploads\/2020\/02\/snowfall-201496_640-300x187.jpg 300w, https:\/\/www.kukakuunteleekoyhaa.fi\/wordpress\/wp-content\/uploads\/2020\/02\/snowfall-201496_640-100x62.jpg 100w, https:\/\/www.kukakuunteleekoyhaa.fi\/wordpress\/wp-content\/uploads\/2020\/02\/snowfall-201496_640-150x94.jpg 150w, https:\/\/www.kukakuunteleekoyhaa.fi\/wordpress\/wp-content\/uploads\/2020\/02\/snowfall-201496_640-200x125.jpg 200w, https:\/\/www.kukakuunteleekoyhaa.fi\/wordpress\/wp-content\/uploads\/2020\/02\/snowfall-201496_640-450x281.jpg 450w, https:\/\/www.kukakuunteleekoyhaa.fi\/wordpress\/wp-content\/uploads\/2020\/02\/snowfall-201496_640-600x374.jpg 600w\" sizes=\"(max-width: 428px) 100vw, 428px\" \/><figcaption>Kuka kuuntelee k\u00f6yh\u00e4\u00e4? lumipyry aurinkoisessa s\u00e4\u00e4ss\u00e4<\/figcaption><\/figure>\n\n\n\n<h2>3K tutuksi P\u00e4ij\u00e4t-H\u00e4meess\u00e4 8.11.2019 klo 12.30 &#8211; 14.00<\/h2>\n\n\n\n<h4 id=\"mce_0\">Orimattilan seurakuntakodin alasalissa, Pappilantie 1, Orimattila.<br><br><br>Haluatko toimia k\u00f6yhyyden v\u00e4hent\u00e4miseksi ja vaikuttaa p\u00e4\u00e4tt\u00e4jiin?<\/h4>\n\n\n\n<h4 id=\"mce_2\">Asiantuntijavieraanamme on k\u00f6yhyystutkija Jouko Karjalainen.<\/h4>\n\n\n\n<h4 id=\"mce_3\">Tilaisuuden j\u00e4rjest\u00e4\u00e4 K\u00f6yh\u00e4n \u00e4\u00e4ni kuuluviin maakunnissa -hanke ja Orimattilan seurakunta, yhteyshenkil\u00f6 Jaana Piilola p.050 339 9130<\/h4>\n\n\n\n<h4 id=\"mce_4\">Kahvitarjoilu klo 12.00 alkaen&nbsp;<\/h4>\n\n\n\n<h3 id=\"mce_5\">Olet tervetullut mukaan!<\/h3>\n\n\n\n<div class=\"wp-block-file\"><a class=\"wp-block-file__button\" href=\"https:\/\/www.kukakuunteleekoyhaa.fi\/wordpress\/wp-content\/uploads\/2019\/10\/3K-verkosto-Orimattilassa.pdf\" download=\"\">Lataa tapahtuman esite<\/a><\/div>\n","protected":false},"excerpt":{"rendered":"<p>Kuunteleeko kuntap\u00e4\u00e4tt\u00e4j\u00e4 k\u00f6yh\u00e4\u00e4? -teemaviikon JATKOT Lahdessa Tiistaina 11.5.2021 kello 11-15 Keskiviikkona 12.5.2021 kello 13-15 Jatketaan kiinnostavilla aiheilla ty\u00f6llisyys, ty\u00f6tt\u00f6myys, terveydenhuolto, p\u00e4ihde- ja peliriippuvuus, yksin\u00e4isyys ja n\u00e4iden kokonaisvaikutukset. Tilaisuuksien p\u00e4\u00e4henkil\u00f6it\u00e4 ovat k\u00f6yhyytt\u00e4 kokeneet erikoisasiantuntijat, jotka kertovat tarinansa ja Lahden kuntap\u00e4\u00e4tt\u00e4jiksi pyrkiv\u00e4t<span class=\"ellipsis\">&hellip;<\/span><\/p>\n<div class=\"read-more\"><a href=\"https:\/\/www.kukakuunteleekoyhaa.fi\/wordpress\/aluetoiminta\/paijat-hame\/\">Lue lis\u00e4\u00e4 \u203a<\/a><\/div>\n<p><!-- end of .read-more --><\/p>\n","protected":false},"author":9,"featured_media":0,"parent":258,"menu_order":0,"comment_status":"closed","ping_status":"closed","template":"","meta":{"spay_email":""},"jetpack_shortlink":"https:\/\/wp.me\/P8vRYp-wh","_links":{"self":[{"href":"https:\/\/www.kukakuunteleekoyhaa.fi\/wordpress\/wp-json\/wp\/v2\/pages\/2001"}],"collection":[{"href":"https:\/\/www.kukakuunteleekoyhaa.fi\/wordpress\/wp-json\/wp\/v2\/pages"}],"about":[{"href":"https:\/\/www.kukakuunteleekoyhaa.fi\/wordpress\/wp-json\/wp\/v2\/types\/page"}],"author":[{"embeddable":true,"href":"https:\/\/www.kukakuunteleekoyhaa.fi\/wordpress\/wp-json\/wp\/v2\/users\/9"}],"replies":[{"embeddable":true,"href":"https:\/\/www.kukakuunteleekoyhaa.fi\/wordpress\/wp-json\/wp\/v2\/comments?post=2001"}],"version-history":[{"count":56,"href":"https:\/\/www.kukakuunteleekoyhaa.fi\/wordpress\/wp-json\/wp\/v2\/pages\/2001\/revisions"}],"predecessor-version":[{"id":4462,"href":"https:\/\/www.kukakuunteleekoyhaa.fi\/wordpress\/wp-json\/wp\/v2\/pages\/2001\/revisions\/4462"}],"up":[{"embeddable":true,"href":"https:\/\/www.kukakuunteleekoyhaa.fi\/wordpress\/wp-json\/wp\/v2\/pages\/258"}],"wp:attachment":[{"href":"https:\/\/www.kukakuunteleekoyhaa.fi\/wordpress\/wp-json\/wp\/v2\/media?parent=2001"}],"curies":[{"name":"wp","href":"https:\/\/api.w.org\/{rel}","templated":true}]}}