{"id":2125,"date":"2019-10-25T14:05:11","date_gmt":"2019-10-25T11:05:11","guid":{"rendered":"http:\/\/www.kukakuunteleekoyhaa.fi\/wordpress\/?page_id=2125"},"modified":"2020-01-27T19:33:59","modified_gmt":"2020-01-27T17:33:59","slug":"puumala","status":"publish","type":"page","link":"https:\/\/www.kukakuunteleekoyhaa.fi\/wordpress\/puumala\/","title":{"rendered":"Puumala"},"content":{"rendered":"\n<h2>&nbsp;Kuka kuuntelee k\u00f6yh\u00e4\u00e4? Puumalassa -keskustelutilaisuus 22.1.2020 klo 16.30<\/h2>\n\n\n\n<h5>&nbsp;Kuka kuuntelee k\u00f6yh\u00e4\u00e4 Puumalassa? -keskustelutilaisuus pidet\u00e4\u00e4n Puumalan kunnantalon valtuustosalissa (os. Keskustie 14, 52200Puumala). Tilaisuudessa keskityt\u00e4\u00e4n Puumalan paikallisiin aiheisiin, joiden materiaali on ker\u00e4tty syksyn 2019 aikana. Panelisteina toimivat eri tahot Puumalasta ja ESSOTE:lta. Tilaisuuden puheenjohtajana toimii Harri Kautonen.Tilaisuus on yleis\u00f6lle avoin. TERVETULOA!&nbsp;<\/h5>\n\n\n\n<p>Oheisista linkeist\u00e4 p\u00e4\u00e4set katsomaan kutsun ja ohjelman.<\/p>\n\n\n\n<p><\/p>\n\n\n\n<div class=\"wp-block-file\"><a href=\"https:\/\/www.kukakuunteleekoyhaa.fi\/wordpress\/wp-content\/uploads\/2020\/01\/Kuka-kuuntelee-k\u00f6yh\u00e4\u00e4-puumalassa6.pdf\">Kuka kuuntelee k\u00f6yh\u00e4\u00e4 puumalassa6<\/a><a href=\"https:\/\/www.kukakuunteleekoyhaa.fi\/wordpress\/wp-content\/uploads\/2020\/01\/Kuka-kuuntelee-k\u00f6yh\u00e4\u00e4-puumalassa6.pdf\" class=\"wp-block-file__button\" download>Download<\/a><\/div>\n\n\n\n<div class=\"wp-block-file\"><a href=\"https:\/\/www.kukakuunteleekoyhaa.fi\/wordpress\/wp-content\/uploads\/2020\/01\/3k-keskustelutilaisuus-Puumalassa-ohjelma.docx\">3k keskustelutilaisuus Puumalassa ohjelma<\/a><a href=\"https:\/\/www.kukakuunteleekoyhaa.fi\/wordpress\/wp-content\/uploads\/2020\/01\/3k-keskustelutilaisuus-Puumalassa-ohjelma.docx\" class=\"wp-block-file__button\" download>Download<\/a><\/div>\n\n\n\n<h2>Keskustelutilaisuuden antia 22.1.2020<\/h2>\n\n\n\n<h5>Tilaisuus oli onnistunut. Osallistujat kokivat tulleensa kuulluksi. T\u00e4ss\u00e4 tilaisuudessa omakohtaiset kertojat puuttuivat paneelista tarkoituksella&nbsp; ja n\u00e4in yleis\u00f6 rohkaistui tekem\u00e4\u00e4n kysymyksi\u00e4 ja kommentteja itse. T\u00e4m\u00e4 kertonee tilaisuuden hyv\u00e4st\u00e4 ja turvallisesta hengest\u00e4.&nbsp;<\/h5>\n\n\n\n<p>Alla linkit kysymyksiin ja vastauksiin sek\u00e4 yhteenvetoon<br><br><\/p>\n\n\n\n<div class=\"wp-block-file\"><a href=\"https:\/\/www.kukakuunteleekoyhaa.fi\/wordpress\/wp-content\/uploads\/2020\/01\/3K-Puumalassa-kysymykset-ja-vastaukset3056.pdf\">3K Puumalassa kysymykset ja vastaukset[3056]<\/a><a href=\"https:\/\/www.kukakuunteleekoyhaa.fi\/wordpress\/wp-content\/uploads\/2020\/01\/3K-Puumalassa-kysymykset-ja-vastaukset3056.pdf\" class=\"wp-block-file__button\" download>Download<\/a><\/div>\n\n\n\n<div class=\"wp-block-file\"><a href=\"https:\/\/www.kukakuunteleekoyhaa.fi\/wordpress\/wp-content\/uploads\/2020\/01\/Kuka-kuuntelee-k\u00f6yh\u00e4\u00e4-Puumalassa-yhteenveto.pdf\">Kuka kuuntelee k\u00f6yh\u00e4\u00e4 Puumalassa yhteenveto<\/a><a href=\"https:\/\/www.kukakuunteleekoyhaa.fi\/wordpress\/wp-content\/uploads\/2020\/01\/Kuka-kuuntelee-k\u00f6yh\u00e4\u00e4-Puumalassa-yhteenveto.pdf\" class=\"wp-block-file__button\" download>Download<\/a><\/div>\n\n\n\n<p><\/p>\n\n\n\n<figure class=\"wp-block-image is-resized\"><img data-attachment-id=\"2302\" data-permalink=\"https:\/\/www.kukakuunteleekoyhaa.fi\/wordpress\/silta-ja-yksinainen-kulkija\/\" data-orig-file=\"https:\/\/www.kukakuunteleekoyhaa.fi\/wordpress\/wp-content\/uploads\/2019\/11\/silta-ja-yksin\u00e4inen-kulkija.jpg\" data-orig-size=\"1280,853\" data-comments-opened=\"0\" data-image-meta=\"{&quot;aperture&quot;:&quot;0&quot;,&quot;credit&quot;:&quot;&quot;,&quot;camera&quot;:&quot;&quot;,&quot;caption&quot;:&quot;&quot;,&quot;created_timestamp&quot;:&quot;0&quot;,&quot;copyright&quot;:&quot;&quot;,&quot;focal_length&quot;:&quot;0&quot;,&quot;iso&quot;:&quot;0&quot;,&quot;shutter_speed&quot;:&quot;0&quot;,&quot;title&quot;:&quot;&quot;,&quot;orientation&quot;:&quot;0&quot;}\" data-image-title=\"silta ja yksin\u00e4inen kulkija\" data-image-description=\"&lt;p&gt;luminen talvimaisema jossa yksin\u00e4inen kulkija sillalla&lt;\/p&gt;\n\" data-image-caption=\"&lt;p&gt;luminen talvimaisema jossa yksin\u00e4inen kulkija sillalla&lt;\/p&gt;\n\" data-medium-file=\"https:\/\/www.kukakuunteleekoyhaa.fi\/wordpress\/wp-content\/uploads\/2019\/11\/silta-ja-yksin\u00e4inen-kulkija-300x200.jpg\" data-large-file=\"https:\/\/www.kukakuunteleekoyhaa.fi\/wordpress\/wp-content\/uploads\/2019\/11\/silta-ja-yksin\u00e4inen-kulkija-1024x682.jpg\" loading=\"lazy\" src=\"https:\/\/www.kukakuunteleekoyhaa.fi\/wordpress\/wp-content\/uploads\/2019\/11\/silta-ja-yksin\u00e4inen-kulkija-1024x682.jpg\" alt=\"luminen talvimaisema jossa yksin\u00e4inen kulkija sillalla\" class=\"wp-image-2302\" width=\"573\" height=\"381\" srcset=\"https:\/\/www.kukakuunteleekoyhaa.fi\/wordpress\/wp-content\/uploads\/2019\/11\/silta-ja-yksin\u00e4inen-kulkija-1024x682.jpg 1024w, https:\/\/www.kukakuunteleekoyhaa.fi\/wordpress\/wp-content\/uploads\/2019\/11\/silta-ja-yksin\u00e4inen-kulkija-300x200.jpg 300w, https:\/\/www.kukakuunteleekoyhaa.fi\/wordpress\/wp-content\/uploads\/2019\/11\/silta-ja-yksin\u00e4inen-kulkija-768x512.jpg 768w, https:\/\/www.kukakuunteleekoyhaa.fi\/wordpress\/wp-content\/uploads\/2019\/11\/silta-ja-yksin\u00e4inen-kulkija-100x67.jpg 100w, https:\/\/www.kukakuunteleekoyhaa.fi\/wordpress\/wp-content\/uploads\/2019\/11\/silta-ja-yksin\u00e4inen-kulkija-150x100.jpg 150w, https:\/\/www.kukakuunteleekoyhaa.fi\/wordpress\/wp-content\/uploads\/2019\/11\/silta-ja-yksin\u00e4inen-kulkija-200x133.jpg 200w, https:\/\/www.kukakuunteleekoyhaa.fi\/wordpress\/wp-content\/uploads\/2019\/11\/silta-ja-yksin\u00e4inen-kulkija-450x300.jpg 450w, https:\/\/www.kukakuunteleekoyhaa.fi\/wordpress\/wp-content\/uploads\/2019\/11\/silta-ja-yksin\u00e4inen-kulkija-600x400.jpg 600w, https:\/\/www.kukakuunteleekoyhaa.fi\/wordpress\/wp-content\/uploads\/2019\/11\/silta-ja-yksin\u00e4inen-kulkija-900x600.jpg 900w, https:\/\/www.kukakuunteleekoyhaa.fi\/wordpress\/wp-content\/uploads\/2019\/11\/silta-ja-yksin\u00e4inen-kulkija.jpg 1280w\" sizes=\"(max-width: 573px) 100vw, 573px\" \/><figcaption>luminen talvimaisema jossa yksin\u00e4inen kulkija sillalla<\/figcaption><\/figure>\n\n\n\n<h4>Kuka kuuntelee k\u00f6yh\u00e4\u00e4? -yhteyshenkil\u00f6n\u00e4 Puumalassa toimii Nina Korhola <br>p.050 521 6633 (ma, ke, to klo 9.30-13.30)<\/h4>\n","protected":false},"excerpt":{"rendered":"<p>&nbsp;Kuka kuuntelee k\u00f6yh\u00e4\u00e4? Puumalassa -keskustelutilaisuus 22.1.2020 klo 16.30 &nbsp;Kuka kuuntelee k\u00f6yh\u00e4\u00e4 Puumalassa? -keskustelutilaisuus pidet\u00e4\u00e4n Puumalan kunnantalon valtuustosalissa (os. Keskustie 14, 52200Puumala). Tilaisuudessa keskityt\u00e4\u00e4n Puumalan paikallisiin aiheisiin, joiden materiaali on ker\u00e4tty syksyn 2019 aikana. Panelisteina toimivat eri tahot Puumalasta ja ESSOTE:lta.<span class=\"ellipsis\">&hellip;<\/span><\/p>\n<div class=\"read-more\"><a href=\"https:\/\/www.kukakuunteleekoyhaa.fi\/wordpress\/puumala\/\">Lue lis\u00e4\u00e4 \u203a<\/a><\/div>\n<p><!-- end of .read-more --><\/p>\n","protected":false},"author":9,"featured_media":0,"parent":0,"menu_order":0,"comment_status":"closed","ping_status":"closed","template":"","meta":{"spay_email":""},"jetpack_shortlink":"https:\/\/wp.me\/P8vRYp-yh","_links":{"self":[{"href":"https:\/\/www.kukakuunteleekoyhaa.fi\/wordpress\/wp-json\/wp\/v2\/pages\/2125"}],"collection":[{"href":"https:\/\/www.kukakuunteleekoyhaa.fi\/wordpress\/wp-json\/wp\/v2\/pages"}],"about":[{"href":"https:\/\/www.kukakuunteleekoyhaa.fi\/wordpress\/wp-json\/wp\/v2\/types\/page"}],"author":[{"embeddable":true,"href":"https:\/\/www.kukakuunteleekoyhaa.fi\/wordpress\/wp-json\/wp\/v2\/users\/9"}],"replies":[{"embeddable":true,"href":"https:\/\/www.kukakuunteleekoyhaa.fi\/wordpress\/wp-json\/wp\/v2\/comments?post=2125"}],"version-history":[{"count":22,"href":"https:\/\/www.kukakuunteleekoyhaa.fi\/wordpress\/wp-json\/wp\/v2\/pages\/2125\/revisions"}],"predecessor-version":[{"id":3120,"href":"https:\/\/www.kukakuunteleekoyhaa.fi\/wordpress\/wp-json\/wp\/v2\/pages\/2125\/revisions\/3120"}],"wp:attachment":[{"href":"https:\/\/www.kukakuunteleekoyhaa.fi\/wordpress\/wp-json\/wp\/v2\/media?parent=2125"}],"curies":[{"name":"wp","href":"https:\/\/api.w.org\/{rel}","templated":true}]}}