{"id":2430,"date":"2019-11-27T13:42:00","date_gmt":"2019-11-27T11:42:00","guid":{"rendered":"http:\/\/www.kukakuunteleekoyhaa.fi\/wordpress\/?page_id=2430"},"modified":"2019-11-27T16:20:45","modified_gmt":"2019-11-27T14:20:45","slug":"sosiaalifoorumi-16-4-2016","status":"publish","type":"page","link":"https:\/\/www.kukakuunteleekoyhaa.fi\/wordpress\/sosiaalifoorumi-16-4-2016\/","title":{"rendered":"Sosiaalifoorumi 16.4.2016"},"content":{"rendered":"\n<p>Muistio tilaisuudesta <a target=\"_blank\" href=\"https:\/\/www.kukakuunteleekoyhaa.fi\/wordpress\/wp-content\/uploads\/2019\/11\/Onko-kansalaistoimijoilla-virkaa-sotessa-muistio-16-4-2016.pdf\">t\u00e4\u00e4ll\u00e4<\/a><br><br>Jouko Karjalaisen <a target=\"_blank\" href=\"https:\/\/www.kukakuunteleekoyhaa.fi\/wordpress\/wp-content\/uploads\/2019\/11\/Jouko-Karjalainen-Sote-sosiaalfoorumissa-2016-1-1.pdf\">esitys<\/a><br><br>Suojapirtin <a target=\"_blank\" href=\"https:\/\/www.kukakuunteleekoyhaa.fi\/wordpress\/wp-content\/uploads\/2019\/11\/Suojapirtin-puheenvuoro-Janne-Gustafssonin-puheenvuoro-Sote-ja-kolmas-sekstori.pdf\">puheenvuoro<\/a><\/p>\n","protected":false},"excerpt":{"rendered":"<p>Muistio tilaisuudesta t\u00e4\u00e4ll\u00e4 Jouko Karjalaisen esitys Suojapirtin puheenvuoro<\/p>\n","protected":false},"author":9,"featured_media":0,"parent":0,"menu_order":0,"comment_status":"closed","ping_status":"closed","template":"","meta":{"spay_email":""},"jetpack_shortlink":"https:\/\/wp.me\/P8vRYp-Dc","_links":{"self":[{"href":"https:\/\/www.kukakuunteleekoyhaa.fi\/wordpress\/wp-json\/wp\/v2\/pages\/2430"}],"collection":[{"href":"https:\/\/www.kukakuunteleekoyhaa.fi\/wordpress\/wp-json\/wp\/v2\/pages"}],"about":[{"href":"https:\/\/www.kukakuunteleekoyhaa.fi\/wordpress\/wp-json\/wp\/v2\/types\/page"}],"author":[{"embeddable":true,"href":"https:\/\/www.kukakuunteleekoyhaa.fi\/wordpress\/wp-json\/wp\/v2\/users\/9"}],"replies":[{"embeddable":true,"href":"https:\/\/www.kukakuunteleekoyhaa.fi\/wordpress\/wp-json\/wp\/v2\/comments?post=2430"}],"version-history":[{"count":5,"href":"https:\/\/www.kukakuunteleekoyhaa.fi\/wordpress\/wp-json\/wp\/v2\/pages\/2430\/revisions"}],"predecessor-version":[{"id":2632,"href":"https:\/\/www.kukakuunteleekoyhaa.fi\/wordpress\/wp-json\/wp\/v2\/pages\/2430\/revisions\/2632"}],"wp:attachment":[{"href":"https:\/\/www.kukakuunteleekoyhaa.fi\/wordpress\/wp-json\/wp\/v2\/media?parent=2430"}],"curies":[{"name":"wp","href":"https:\/\/api.w.org\/{rel}","templated":true}]}}