{"id":2450,"date":"2019-11-27T13:52:27","date_gmt":"2019-11-27T11:52:27","guid":{"rendered":"http:\/\/www.kukakuunteleekoyhaa.fi\/wordpress\/?page_id=2450"},"modified":"2019-11-27T16:21:48","modified_gmt":"2019-11-27T14:21:48","slug":"kuka-kuuntelee-osatyokykyista-koyhaa","status":"publish","type":"page","link":"https:\/\/www.kukakuunteleekoyhaa.fi\/wordpress\/kuka-kuuntelee-osatyokykyista-koyhaa\/","title":{"rendered":"Kuka kuuntelee osaty\u00f6kykyist\u00e4 k\u00f6yh\u00e4\u00e4?"},"content":{"rendered":"\n<p>16.11.2015 klo 17.00-19.45, Eduskunnan kansalaisinfo, Arkadiankatu 3, Helsinki<br><br>Ohjelma<a target=\"_blank\" href=\"https:\/\/www.kukakuunteleekoyhaa.fi\/wordpress\/wp-content\/uploads\/2019\/11\/Kuka-kuuntelee-osaty%C3%83%C2%B6kykyist%C3%83%C2%A4-k%C3%83%C2%B6yh%C3%83%C2%A4%C3%83%C2%A4.pdf\"> t\u00e4\u00e4ll\u00e4<\/a><br><br>Lehdist\u00f6tiedote <a target=\"_blank\" href=\"https:\/\/www.kukakuunteleekoyhaa.fi\/wordpress\/wp-content\/uploads\/2019\/11\/Kuka-kuuntelee-osaty%C3%83%C2%B6kykyist%C3%83%C2%A4-k%C3%83%C2%B6yh%C3%83%C2%A4%C3%83%C2%A4-1.pdf\">t\u00e4\u00e4ll\u00e4<\/a><br><br>Muistio<a target=\"_blank\" href=\"https:\/\/www.kukakuunteleekoyhaa.fi\/wordpress\/wp-content\/uploads\/2019\/11\/Osaty%C3%83%C2%B6kykyisyysillan-muistio.pdf\"> t\u00e4\u00e4ll\u00e4<\/a><\/p>\n","protected":false},"excerpt":{"rendered":"<p>16.11.2015 klo 17.00-19.45, Eduskunnan kansalaisinfo, Arkadiankatu 3, Helsinki Ohjelma t\u00e4\u00e4ll\u00e4 Lehdist\u00f6tiedote t\u00e4\u00e4ll\u00e4 Muistio t\u00e4\u00e4ll\u00e4<\/p>\n","protected":false},"author":9,"featured_media":0,"parent":0,"menu_order":0,"comment_status":"closed","ping_status":"closed","template":"","meta":{"spay_email":""},"jetpack_shortlink":"https:\/\/wp.me\/P8vRYp-Dw","_links":{"self":[{"href":"https:\/\/www.kukakuunteleekoyhaa.fi\/wordpress\/wp-json\/wp\/v2\/pages\/2450"}],"collection":[{"href":"https:\/\/www.kukakuunteleekoyhaa.fi\/wordpress\/wp-json\/wp\/v2\/pages"}],"about":[{"href":"https:\/\/www.kukakuunteleekoyhaa.fi\/wordpress\/wp-json\/wp\/v2\/types\/page"}],"author":[{"embeddable":true,"href":"https:\/\/www.kukakuunteleekoyhaa.fi\/wordpress\/wp-json\/wp\/v2\/users\/9"}],"replies":[{"embeddable":true,"href":"https:\/\/www.kukakuunteleekoyhaa.fi\/wordpress\/wp-json\/wp\/v2\/comments?post=2450"}],"version-history":[{"count":5,"href":"https:\/\/www.kukakuunteleekoyhaa.fi\/wordpress\/wp-json\/wp\/v2\/pages\/2450\/revisions"}],"predecessor-version":[{"id":2633,"href":"https:\/\/www.kukakuunteleekoyhaa.fi\/wordpress\/wp-json\/wp\/v2\/pages\/2450\/revisions\/2633"}],"wp:attachment":[{"href":"https:\/\/www.kukakuunteleekoyhaa.fi\/wordpress\/wp-json\/wp\/v2\/media?parent=2450"}],"curies":[{"name":"wp","href":"https:\/\/api.w.org\/{rel}","templated":true}]}}