{"id":3789,"date":"2020-09-16T12:18:42","date_gmt":"2020-09-16T09:18:42","guid":{"rendered":"http:\/\/www.kukakuunteleekoyhaa.fi\/wordpress\/?page_id=3789"},"modified":"2020-09-18T10:36:57","modified_gmt":"2020-09-18T07:36:57","slug":"oulu","status":"publish","type":"page","link":"https:\/\/www.kukakuunteleekoyhaa.fi\/wordpress\/oulu\/","title":{"rendered":"Oulu"},"content":{"rendered":"\n<h2>KUKA KUUNTELEE 21.9.2020 LEIP\u00c4JONOJEN K\u00d6YH\u00c4\u00c4?<\/h2>\n\n\n\n<h2>Aika: 21.9.2020 klo 15-17<\/h2>\n\n\n\n<h2>Paikka: Wegelius-Sali, Albertinkatu 16, 90100 Oulu +verkkol\u00e4hetys (ohessa Teams linkki)<\/h2>\n\n\n\n<p><a href=\"https:\/\/teams.microsoft.com\/l\/meetup-join\/19%3ameeting_NGM2OWM0ZjItYmYzZC00MDRhLWFmOGUtZjM2Y2VhNDdlM2Nj%40thread.v2\/0?context=%7b%22Tid%22%3a%2256c9cd41-375f-4486-ad00-6b243eb477ca%22%2c%22Oid%22%3a%22023f1041-83fd-46b3-846d-93922dae19d1%22%2c%22IsBroadcastMeeting%22%3atrue%7d\">https:\/\/teams.microsoft.com\/l\/meetup-join\/19%3ameeting_NGM2OWM0ZjItYmYzZC00MDRhLWFmOGUtZjM2Y2VhNDdlM2Nj%40thread.v2\/0?context=%7b%22Tid%22%3a%2256c9cd41-375f-4486-ad00-6b243eb477ca%22%2c%22Oid%22%3a%22023f1041-83fd-46b3-846d-93922dae19d1%22%2c%22IsBroadcastMeeting%22%3atrue%7d<\/a><\/p>\n\n\n\n<h2>Korona teki ruoka-avun uudella tavalla ajankohtaiseksi. Miksi niin monet tarvitsevat edelleen ruoka-apua? Keskustelun p\u00e4\u00e4osassa ovat taloudellista niukkuutta kokeneet henkil\u00f6t joita kutsumme erikoisasiantuntijoiksi. Erikoisasiantuntijoiden kanssa keskusteluun osallistuvat Oulun kaupungin sosiaalijohtaja Arja Heikkinen ja kaupunginvaltuuston puheenjohtaja Juha H\u00e4nninen. <\/h2>\n\n\n\n<h2>Mukana on lis\u00e4ksi SPR:n kooste Oulun leip\u00e4jonojen asiakkaiden puheenvuoroista.<\/h2>\n\n\n\n<h2>Tilaisuuden j\u00e4rjest\u00e4v\u00e4t Oulun evankelisluterilaisen kirkon diakoniaty\u00f6, ODL, SPR, Oulun Hiippakunta ja Oulun seurakuntayhtym\u00e4n OuluToivo-hanke.<\/h2>\n\n\n\n<h2> Tilaisuus on yksi \u201dKuka kuuntelee k\u00f6yh\u00e4\u00e4\u201d -verkoston valtakunnallisista tapahtumista, jotka kaikki j\u00e4rjestet\u00e4\u00e4n samaan aikaan eri paikkakunnilla ymp\u00e4ri Suomea. <\/h2>\n\n\n\n<h2>Tilaisuuksiin on kutsuttu eduskuntaryhm\u00e4t sek\u00e4 eri paikkakuntien kuntap\u00e4\u00e4tt\u00e4ji\u00e4 ja kunnallispoliitikkoja. Tilaisuudet ovat kaikille avoimia ja my\u00f6s media on kutsuttu paikalle. <\/h2>\n\n\n\n<h2>Tapahtuman toteutuksessa otetaan huomioon vallitsevat koronarajoitukset. Yleis\u00f6 voi osallistua tapahtumaan Wegelius-salissa, mik\u00e4li koronarajoitukset eiv\u00e4t kiristy nykyisest\u00e4. Wegelius-saliin mahtuu turvav\u00e4lit huomioiden 60 henkil\u00f6\u00e4. <\/h2>\n\n\n\n<h5>Yhteyshenkil\u00f6t:<br>kaisa.jaakkola@evl.fi<br>outi.uusimaki@odl.fi <br><\/h5>\n\n\n\n<p><\/p>\n","protected":false},"excerpt":{"rendered":"<p>KUKA KUUNTELEE 21.9.2020 LEIP\u00c4JONOJEN K\u00d6YH\u00c4\u00c4? Aika: 21.9.2020 klo 15-17 Paikka: Wegelius-Sali, Albertinkatu 16, 90100 Oulu +verkkol\u00e4hetys (ohessa Teams linkki) https:\/\/teams.microsoft.com\/l\/meetup-join\/19%3ameeting_NGM2OWM0ZjItYmYzZC00MDRhLWFmOGUtZjM2Y2VhNDdlM2Nj%40thread.v2\/0?context=%7b%22Tid%22%3a%2256c9cd41-375f-4486-ad00-6b243eb477ca%22%2c%22Oid%22%3a%22023f1041-83fd-46b3-846d-93922dae19d1%22%2c%22IsBroadcastMeeting%22%3atrue%7d Korona teki ruoka-avun uudella tavalla ajankohtaiseksi. Miksi niin monet tarvitsevat edelleen ruoka-apua? Keskustelun p\u00e4\u00e4osassa ovat taloudellista niukkuutta kokeneet henkil\u00f6t joita<span class=\"ellipsis\">&hellip;<\/span><\/p>\n<div class=\"read-more\"><a href=\"https:\/\/www.kukakuunteleekoyhaa.fi\/wordpress\/oulu\/\">Lue lis\u00e4\u00e4 \u203a<\/a><\/div>\n<p><!-- end of .read-more --><\/p>\n","protected":false},"author":9,"featured_media":0,"parent":0,"menu_order":0,"comment_status":"closed","ping_status":"closed","template":"","meta":{"spay_email":""},"jetpack_shortlink":"https:\/\/wp.me\/P8vRYp-Z7","_links":{"self":[{"href":"https:\/\/www.kukakuunteleekoyhaa.fi\/wordpress\/wp-json\/wp\/v2\/pages\/3789"}],"collection":[{"href":"https:\/\/www.kukakuunteleekoyhaa.fi\/wordpress\/wp-json\/wp\/v2\/pages"}],"about":[{"href":"https:\/\/www.kukakuunteleekoyhaa.fi\/wordpress\/wp-json\/wp\/v2\/types\/page"}],"author":[{"embeddable":true,"href":"https:\/\/www.kukakuunteleekoyhaa.fi\/wordpress\/wp-json\/wp\/v2\/users\/9"}],"replies":[{"embeddable":true,"href":"https:\/\/www.kukakuunteleekoyhaa.fi\/wordpress\/wp-json\/wp\/v2\/comments?post=3789"}],"version-history":[{"count":7,"href":"https:\/\/www.kukakuunteleekoyhaa.fi\/wordpress\/wp-json\/wp\/v2\/pages\/3789\/revisions"}],"predecessor-version":[{"id":3874,"href":"https:\/\/www.kukakuunteleekoyhaa.fi\/wordpress\/wp-json\/wp\/v2\/pages\/3789\/revisions\/3874"}],"wp:attachment":[{"href":"https:\/\/www.kukakuunteleekoyhaa.fi\/wordpress\/wp-json\/wp\/v2\/media?parent=3789"}],"curies":[{"name":"wp","href":"https:\/\/api.w.org\/{rel}","templated":true}]}}