{"id":3792,"date":"2020-09-16T12:20:13","date_gmt":"2020-09-16T09:20:13","guid":{"rendered":"http:\/\/www.kukakuunteleekoyhaa.fi\/wordpress\/?page_id=3792"},"modified":"2021-03-29T13:31:17","modified_gmt":"2021-03-29T10:31:17","slug":"pori","status":"publish","type":"page","link":"https:\/\/www.kukakuunteleekoyhaa.fi\/wordpress\/pori\/","title":{"rendered":"Pori"},"content":{"rendered":"\n<h2>Kuunteleeko kuntap\u00e4\u00e4tt\u00e4j\u00e4 k\u00f6yh\u00e4\u00e4? -teemaviikko<\/h2>\n\n\n\n<h2> 15. &#8211; 19.3.2021<\/h2>\n\n\n\n<h4>Kuunteleeko kuntap\u00e4\u00e4tt\u00e4j\u00e4 k\u00f6yh\u00e4\u00e4? -teemaviikon terveiset Porista, videon muodossa. Videon ovat toteuttaneet Porin Sininauha ja Porin Seurakuntapalvelut. <a href=\"https:\/\/youtu.be\/KTRbUj-pWaQ\">https:\/\/youtu.be\/KTRbUj-pWaQ<\/a><\/h4>\n\n\n\n<h5>Lis\u00e4tietoja  <a href=\"mailto:paivi.erkko@yhteisokeskus.fi\">paivi.erkko@yhteisokeskus.fi&nbsp;<\/a><\/h5>\n\n\n\n<h2>Kuka kuuntelee leip\u00e4jonojen k\u00f6yh\u00e4\u00e4 21.9.2020 -teemaviikko<\/h2>\n\n\n\n<h4>Pori osallistuu valtakunnalliseen tapahtumaan videotervehdyksell\u00e4;  Videoterveiset Porista,  joka  julkaistaan 21.9.2020 <a href=\"https:\/\/www.youtube.com\/watch?v=KMfv1V_GmQk\">https:\/\/www.youtube.com\/watch?v=KMfv1V_GmQk<\/a><\/h4>\n\n\n\n<p><\/p>\n\n\n\n<h4>Ruoka-apu ja Yhteinen keitti\u00f6 Pori<\/h4>\n\n\n\n<h5>Lis\u00e4tietoja <a href=\"mailto:paivi.erkko@yhteisokeskus.fi\">paivi.erkko@yhteisokeskus.fi&nbsp;<\/a><\/h5>\n\n\n\n<p><\/p>\n","protected":false},"excerpt":{"rendered":"<p>Kuunteleeko kuntap\u00e4\u00e4tt\u00e4j\u00e4 k\u00f6yh\u00e4\u00e4? -teemaviikko 15. &#8211; 19.3.2021 Kuunteleeko kuntap\u00e4\u00e4tt\u00e4j\u00e4 k\u00f6yh\u00e4\u00e4? -teemaviikon terveiset Porista, videon muodossa. Videon ovat toteuttaneet Porin Sininauha ja Porin Seurakuntapalvelut. https:\/\/youtu.be\/KTRbUj-pWaQ Lis\u00e4tietoja paivi.erkko@yhteisokeskus.fi&nbsp; Kuka kuuntelee leip\u00e4jonojen k\u00f6yh\u00e4\u00e4 21.9.2020 -teemaviikko Pori osallistuu valtakunnalliseen tapahtumaan videotervehdyksell\u00e4; Videoterveiset Porista, joka<span class=\"ellipsis\">&hellip;<\/span><\/p>\n<div class=\"read-more\"><a href=\"https:\/\/www.kukakuunteleekoyhaa.fi\/wordpress\/pori\/\">Lue lis\u00e4\u00e4 \u203a<\/a><\/div>\n<p><!-- end of .read-more --><\/p>\n","protected":false},"author":9,"featured_media":0,"parent":0,"menu_order":0,"comment_status":"closed","ping_status":"closed","template":"","meta":{"spay_email":""},"jetpack_shortlink":"https:\/\/wp.me\/P8vRYp-Za","_links":{"self":[{"href":"https:\/\/www.kukakuunteleekoyhaa.fi\/wordpress\/wp-json\/wp\/v2\/pages\/3792"}],"collection":[{"href":"https:\/\/www.kukakuunteleekoyhaa.fi\/wordpress\/wp-json\/wp\/v2\/pages"}],"about":[{"href":"https:\/\/www.kukakuunteleekoyhaa.fi\/wordpress\/wp-json\/wp\/v2\/types\/page"}],"author":[{"embeddable":true,"href":"https:\/\/www.kukakuunteleekoyhaa.fi\/wordpress\/wp-json\/wp\/v2\/users\/9"}],"replies":[{"embeddable":true,"href":"https:\/\/www.kukakuunteleekoyhaa.fi\/wordpress\/wp-json\/wp\/v2\/comments?post=3792"}],"version-history":[{"count":11,"href":"https:\/\/www.kukakuunteleekoyhaa.fi\/wordpress\/wp-json\/wp\/v2\/pages\/3792\/revisions"}],"predecessor-version":[{"id":4328,"href":"https:\/\/www.kukakuunteleekoyhaa.fi\/wordpress\/wp-json\/wp\/v2\/pages\/3792\/revisions\/4328"}],"wp:attachment":[{"href":"https:\/\/www.kukakuunteleekoyhaa.fi\/wordpress\/wp-json\/wp\/v2\/media?parent=3792"}],"curies":[{"name":"wp","href":"https:\/\/api.w.org\/{rel}","templated":true}]}}

<h2>Kuunteleeko kuntapäättäjä köyhää? -teemaviikko</h2>



<h2> 15. &#8211; 19.3.2021</h2>



<h4>Kuunteleeko kuntapäättäjä köyhää? -teemaviikon terveiset Porista, videon muodossa. Videon ovat toteuttaneet Porin Sininauha ja Porin Seurakuntapalvelut. <a href="https://youtu.be/KTRbUj-pWaQ">https://youtu.be/KTRbUj-pWaQ</a></h4>



<h5>Lisätietoja  <a href="mailto:paivi.erkko@yhteisokeskus.fi">paivi.erkko@yhteisokeskus.fi&nbsp;</a></h5>



<h2>Kuka kuuntelee leipäjonojen köyhää 21.9.2020 -teemaviikko</h2>



<h4>Pori osallistuu valtakunnalliseen tapahtumaan videotervehdyksellä;  Videoterveiset Porista,  joka  julkaistaan 21.9.2020 <a href="https://www.youtube.com/watch?v=KMfv1V_GmQk">https://www.youtube.com/watch?v=KMfv1V_GmQk</a></h4>



<p></p>



<h4>Ruoka-apu ja Yhteinen keittiö Pori</h4>



<h5>Lisätietoja <a href="mailto:paivi.erkko@yhteisokeskus.fi">paivi.erkko@yhteisokeskus.fi&nbsp;</a></h5>



<p></p>

<p>Kuunteleeko kuntapäättäjä köyhää? -teemaviikko 15. &#8211; 19.3.2021 Kuunteleeko kuntapäättäjä köyhää? -teemaviikon terveiset Porista, videon muodossa. Videon ovat toteuttaneet Porin Sininauha ja Porin Seurakuntapalvelut. https://youtu.be/KTRbUj-pWaQ Lisätietoja paivi.erkko@yhteisokeskus.fi&nbsp; Kuka kuuntelee leipäjonojen köyhää 21.9.2020 -teemaviikko Pori osallistuu valtakunnalliseen tapahtumaan videotervehdyksellä; Videoterveiset Porista, joka<span class="ellipsis">&hellip;</span></p>
<div class="read-more"><a href="https://www.kukakuunteleekoyhaa.fi/wordpress/pori/">Lue lisää ›</a></div>
<p><!-- end of .read-more --></p>
